3*d = a - d - i. What is the units digit of a?
8
What is the tens digit of 22107/12 + 18/(-72)?
4
Let l = -590 + 1290. What is the tens digit of l?
0
What is the hundreds digit of 1154 + (164/123)/((-1)/3)?
1
Let w(c) = -57*c**2 - c + 3. Let a(y) = y + 1. Let b(m) = 2*a(m) - w(m). What is the tens digit of b(2)?
3
Suppose 5*m + 15 = 4*v - 8, 5*v = 2*m + 33. Let b = 26 + v. What is the tens digit of b?
3
Let v = 170 + -171. Suppose 0*w = -3*w. What is the units digit of v - (1 - (8 - w))?
6
Let d = 39 - 37. Suppose r + 20 = 3*r. Suppose -d*f + 18 = -r. What is the units digit of f?
4
Let r(o) = 14*o**2 + 12*o - 23. Let b be r(6). Suppose 0 = h - 8*h + b. What is the tens digit of h?
7
Let o(s) = -s**3 - 5*s**2 + s - 16. What is the tens digit of o(-10)?
7
Suppose 7*b - b + 270 = 0. Let j = 84 + b. What is the units digit of j?
9
Let x be 0/(-2)*6/(-12). Suppose 2*u + 6 = 0, 4*u = -x*d + 4*d - 16. What is the units digit of d/(41/(-21) + 2)?
1
Let i = -2588 + 5454. What is the thousands digit of i?
2
Let f(j) = 27*j**2 - 23*j + 27. What is the hundreds digit of f(6)?
8
Suppose 2*o + 6*b + 50 = 4*b, 88 = -4*o - b. What is the hundreds digit of ((-14)/o)/(((-4)/786)/(-2))?
2
Let x be -2*45/(0 + -5). Suppose -3*j - x = -249. What is the tens digit of j?
7
Let t(c) = -60*c. Let b(i) = -i. Let j(w) = -110*b(w) + 2*t(w). Let p be j(-1). Let u = 26 - p. What is the units digit of u?
6
Suppose 3*i + 3*x = 6*i + 75, 2*x - 110 = 4*i. Let w = 29 + i. What is the units digit of w + 31 + -2 + 2?
0
Let l = 703 + -439. What is the units digit of l?
4
Suppose 107 = -n - 2*k - 3*k, -2*n - 166 = -2*k. Let t = n - -171. What is the tens digit of t?
8
What is the hundreds digit of (-13)/(26/12) - -795?
7
Let t(k) = -k**2 - 8*k + 11. Let h be t(-9). Suppose h*j - 7*j + 230 = 0. What is the units digit of j?
6
Let h = -36 - -196. What is the tens digit of h?
6
Let b(p) = -p**3 - 9*p**2 + 9*p - 8. Let h be b(-10). Let m be (-1)/((-7)/(-4) - h). Suppose -m*u = -z - 170, -5*z = -3*z + 4. What is the tens digit of u?
4
Suppose 0 = 3*g - 3*d - d - 24, 3*g = 2*d + 18. Suppose g*j = 11*j - 1533. What is the hundreds digit of j?
2
Suppose z - 2*z + 2*i + 536 = 0, 5*z - 3*i - 2652 = 0. What is the hundreds digit of z?
5
Suppose -5*y + 2258 + 367 = 0. What is the tens digit of y?
2
Suppose 0 = s - 3*s + 18. Suppose -2*i + 4*b + s = -i, 3*b = -4*i + 17. Suppose -q = v - 12, -i*v - 4*q + 72 = -3*q. What is the tens digit of v?
1
Let d(u) be the first derivative of -u**2/2 + 5*u - 2. Let m be d(3). Suppose m*r = 30 - 4. What is the units digit of r?
3
Let l(x) = 300*x + 311. What is the thousands digit of l(5)?
1
Let q = -73 + 65. Let b(n) = -n**3 - 6*n**2 + 9*n + 19. What is the units digit of b(q)?
5
Let f(h) = -h**3 - 2*h**2 + h - 3. Let w be f(0). What is the tens digit of 3 + (-3)/w + 58?
6
Let y = 11 + -3. Let x(n) be the second derivative of -n**5/20 + 7*n**4/12 + 11*n**3/6 - 11*n**2/2 + 2*n - 39. What is the tens digit of x(y)?
1
Let f = 28 + -13. Let m(j) = 10 + f + j - 10. What is the tens digit of m(11)?
2
Let w(m) = -2*m - 15. Let c be w(-9). Suppose 0 = n + 3*y - 41, 4*y + 162 = c*n - 0*n. What is the tens digit of n?
5
Suppose 571*j - 1863 = 568*j. What is the tens digit of j?
2
Suppose 0 = -9*k + 6*k - 2*a + 1586, a = -k + 529. What is the hundreds digit of k?
5
Let s(t) = 5*t**2 - 29*t + 24. What is the units digit of s(13)?
2
Let d = 154 - 151. What is the units digit of -1 + 3 + -3 - (-100 - d)?
2
Suppose -4*p + 3*p = 4*n - 1235, -n = p - 308. Suppose 0 = 4*r - 3*m - n, -2*m - 65 = -r + 11. What is the units digit of r?
8
Let g = -602 + 886. What is the hundreds digit of g?
2
Let y be (2 - 3)*-2*(0 + 2). Suppose 0 = 3*j + y - 94. What is the units digit of j?
0
Suppose 0 = 359*g - 347*g - 996. What is the tens digit of g?
8
Suppose 4*f = -2*u + 2992, -4*f - 3*u + 3690 - 698 = 0. What is the units digit of f?
8
Let u = 408 + -215. What is the tens digit of u?
9
Suppose -15*d + 12*d + 4*k = -827, 1084 = 4*d + 4*k. What is the hundreds digit of d?
2
Let k(l) = -2*l. Let q be k(-1). Let x(c) = -2*c**3 + 3*c**2 - 3*c + 1. Let p be x(q). Let z = 18 + p. What is the units digit of z?
9
Let s(v) = 17 - 1 + 7*v - 6*v. What is the units digit of s(-8)?
8
Let w = -5 + 8. Suppose 6*g + w*j = 2*g + 10, -6 = -2*g - j. Suppose 2*l = -10, -g*l = i - 3*l + 2. What is the units digit of i?
3
Suppose 6 + 2 = 4*b - 4*h, -2*b + 4 = 5*h. Suppose 0 = -3*i + 19 - 7, -b*i = 2*f - 8. Suppose f = -3*c - 42 + 225. What is the units digit of c?
1
Let m = 2017 - 1355. What is the hundreds digit of m?
6
What is the tens digit of 8/12 - 10461/(-9)?
6
Suppose 4*h = 5*r - 3240, 4*h = 4*r - 1298 - 1298. What is the tens digit of r?
4
Let c(l) = -l**3 + 8*l**2 - 3*l - 4. Suppose 0 = -5*v + 2*b + 15 + 25, 4*v - 4*b - 44 = 0. What is the units digit of c(v)?
0
Suppose 4*s - 1198 = -a, -a - 1210 = -4*s + 4*a. What is the units digit of s?
0
Suppose 0 = 2*y + d - 41, -8 = -2*y + 3*d + 13. Suppose -y = 5*i - 328. Suppose 18*v = 16*v + i. What is the tens digit of v?
3
Let z(t) be the first derivative of -t**4/4 - 10*t**3/3 + 21*t**2/2 + 26*t + 22. What is the units digit of z(-13)?
0
Let m(w) = -7*w**3 - 2*w**2 + 2*w - 5. What is the tens digit of m(-4)?
0
Suppose 4*r - 8 = -0*r. What is the units digit of (-3)/r*(18/6 + -5)?
3
Suppose 0 = 27*b - 80730 + 24057. What is the units digit of b?
9
Let h(r) = r**3 - 7*r**2 - 5*r - 3. Suppose 2*d - 7 = 9. What is the units digit of h(d)?
1
Let i(q) = 4*q + 16. Let p = 19 - 19. Let c be p/13*(-1)/2. What is the units digit of i(c)?
6
Let y = 577 + -229. What is the hundreds digit of y?
3
Suppose 1923 = 7*o - 16788. What is the tens digit of o?
7
Let v(p) = 16*p + 8 + 0 - 25*p - 24*p. What is the tens digit of v(-2)?
7
Suppose -2*u - 4*n - 5 = 3, -4*u + 4*n = 64. Let w = 84 + u. What is the tens digit of w?
7
Let a be (-4 - -2) + -2 + 11. Let f = a + 7. What is the units digit of f?
4
Suppose 3*y + 3*p + 2*p = 193, -y + 71 = 5*p. Suppose -u - 5*r + 53 = 0, -2*r = -u + r + y. What is the tens digit of u?
5
Let l(g) = 5*g**3 + 3*g - 4. Let x be l(2). Let i = 190 + x. What is the units digit of i?
2
Suppose 3*a = 10 - 4. Let s(q) = 9*q**2 + 27*q + 6. Let o be s(-3). Let k = a + o. What is the units digit of k?
8
Suppose -5*a - 255 = -n, 2*n + n - 5*a - 815 = 0. Suppose w + n = 5*w. What is the units digit of w?
0
Suppose -3*d + 5*h + 37 = 0, -h + 5*h + 36 = 4*d. Suppose -6*s = -5*s - d*x - 260, -x = -s + 245. What is the tens digit of s?
4
Let z = 5671 - 3097. What is the hundreds digit of z?
5
Suppose 3*x - 5*f + 41 = 4*x, -3*f - 30 = -2*x. Suppose a + 15 = s, -5*a + 6 = s - x. What is the units digit of s?
7
Suppose -11*h = -10*h - 15. Let u(q) = -4*q + 2*q - h + 11. What is the units digit of u(-11)?
8
Let b(u) = 6*u**3 + 9*u**2 - 10*u - 17. Let p(c) = 5*c**3 + 9*c**2 - 9*c - 16. Let i(r) = -4*b(r) + 5*p(r). What is the tens digit of i(-9)?
3
Let t(f) = -f**3 - 3*f**2 + 12. Suppose x + x = 4*i, 0 = 2*x + i. Suppose 2*g - 12 = 2*v, 3*v + x*v + 13 = -2*g. What is the tens digit of t(v)?
6
Suppose -4*u + 462 + 154 = 0. What is the units digit of u?
4
Suppose 67 = 4*t - n + 16, 5*t - 65 = n. Suppose s + s - t = 0. Suppose -z - 6 + s = 0. What is the units digit of z?
1
Let o be (0 + -1)/(8/(-56)). Let h = 75 + o. What is the tens digit of h?
8
Let n be (-22)/(-143) + (-178)/(-26). Suppose 0 = 5*a + g + 2 - 13, -g = -4*a + n. Suppose 6*k = a*k + 36. What is the units digit of k?
9
Let d(j) = j**3 - 7*j**2 - j + 6. Let k = -12 - -20. Let o be d(k). What is the tens digit of (-3)/(o/(-28) - -2)?
1
Let m be (0 + -4)/(20/50). Let a = -8 - m. What is the units digit of 46/a*(9 + -8)?
3
Suppose 8269 - 2872 = t. What is the units digit of t?
7
Let v(f) = 3*f**2 - 4*f + 5. Let z be v(2). Suppose -3*w - z + 676 = 5*x, -841 = -4*w + 3*x. What is the tens digit of w?
1
Let c = -166 - -107. Let x = c + 100. What is the units digit of x?
1
Let s(n) = n**3 + 11*n**2 + 18*n + 1. Let j be s(-9). Let y(t) = 74*t + 4. What is the tens digit of y(j)?
7
Suppose 2*g + h = -3*g + 174, 0 = -2*g - h + 69. Suppose 3*o - 2*w = 3*w - 35, -5*o - 2*w - 17 = 0. Let r = g + o. What is the units digit of r?
0
Suppose 5*l + 104*g = 101*g + 13642, l + g = 2730. What is the tens digit of l?
2
Su